rs of 127?
127
What are the prime factors of 41242?
2, 17, 1213
List the prime factors of 9548.
2, 7, 11, 31
What are the prime factors of 20973?
3, 6991
List the prime factors of 843.
3, 281
What are the prime factors of 506?
2, 11, 23
List the prime factors of 171.
3, 19
What are the prime factors of 3097?
19, 163
List the prime factors of 13294.
2, 17, 23
What are the prime factors of 2024?
2, 11, 23
What are the prime factors of 814?
2, 11, 37
List the prime factors of 6773.
13, 521
What are the prime factors of 9985?
5, 1997
List the prime factors of 8499.
3, 2833
What are the prime factors of 81599?
7, 11657
List the prime factors of 643.
643
List the prime factors of 162741.
3, 17, 3191
List the prime factors of 8813.
7, 1259
List the prime factors of 252.
2, 3, 7
List the prime factors of 27426.
2, 3, 7, 653
List the prime factors of 6119.
29, 211
List the prime factors of 807.
3, 269
What are the prime factors of 4120?
2, 5, 103
List the prime factors of 12433.
12433
What are the prime factors of 45083?
45083
List the prime factors of 1839.
3, 613
What are the prime factors of 1331?
11
List the prime factors of 27519.
3, 9173
What are the prime factors of 12994?
2, 73, 89
What are the prime factors of 2782?
2, 13, 107
List the prime factors of 50.
2, 5
List the prime factors of 38408.
2, 4801
What are the prime factors of 78792?
2, 3, 7, 67
List the prime factors of 54325.
5, 41, 53
List the prime factors of 78912.
2, 3, 137
List the prime factors of 30264.
2, 3, 13, 97
List the prime factors of 243.
3
List the prime factors of 648.
2, 3
What are the prime factors of 60279?
3, 71, 283
List the prime factors of 1653.
3, 19, 29
What are the prime factors of 449?
449
What are the prime factors of 48205?
5, 31, 311
List the prime factors of 7799.
11, 709
List the prime factors of 1178.
2, 19, 31
What are the prime factors of 1235?
5, 13, 19
List the prime factors of 73.
73
List the prime factors of 171688.
2, 11, 1951
List the prime factors of 3950.
2, 5, 79
List the prime factors of 121.
11
What are the prime factors of 2856?
2, 3, 7, 17
What are the prime factors of 91?
7, 13
What are the prime factors of 26?
2, 13
What are the prime factors of 39023?
39023
What are the prime factors of 2212?
2, 7, 79
What are the prime factors of 2407?
29, 83
What are the prime factors of 7645?
5, 11, 139
What are the prime factors of 1075?
5, 43
List the prime factors of 130.
2, 5, 13
List the prime factors of 201.
3, 67
List the prime factors of 51669.
3, 5741
List the prime factors of 1185.
3, 5, 79
List the prime factors of 3220.
2, 5, 7, 23
List the prime factors of 1149.
3, 383
What are the prime factors of 4092?
2, 3, 11, 31
What are the prime factors of 16289?
7, 13, 179
List the prime factors of 1148.
2, 7, 41
What are the prime factors of 1208?
2, 151
List the prime factors of 1068.
2, 3, 89
List the prime factors of 696.
2, 3, 29
What are the prime factors of 1789?
1789
List the prime factors of 936.
2, 3, 13
What are the prime factors of 1090?
2, 5, 109
List the prime factors of 20514.
2, 3, 13, 263
What are the prime factors of 33047?
7, 4721
What are the prime factors of 10389?
3, 3463
List the prime factors of 20078.
2, 10039
List the prime factors of 69892.
2, 101, 173
What are the prime factors of 696?
2, 3, 29
List the prime factors of 756.
2, 3, 7
List the prime factors of 8517.
3, 17, 167
List the prime factors of 1406.
2, 19, 37
List the prime factors of 33246.
2, 3, 1847
What are the prime factors of 32114?
2, 16057
List the prime factors of 10015.
5, 2003
What are the prime factors of 8385?
3, 5, 13, 43
List the prime factors of 28354.
2, 14177
List the prime factors of 25082.
2, 12541
List the prime factors of 25883.
11, 13, 181
What are the prime factors of 3?
3
What are the prime factors of 73?
73
List the prime factors of 2250.
2, 3, 5
What are the prime factors of 5689?
5689
List the prime factors of 11440.
2, 5, 11, 13
List the prime factors of 6367.
6367
List the prime factors of 1674.
2, 3, 31
What are the prime factors of 142919?
7, 17, 1201
List the prime factors of 2470.
2, 5, 13, 19
What are the prime factors of 47781?
3, 5309
What are the prime factors of 982?
2, 491
List the prime factors of 25256.
2, 7, 11, 41
List the prime factors of 3034.
2, 37, 41
List the prime factors of 1016.
2, 127
What are the prime factors of 227?
227
List the prime factors of 27277.
27277
What are the prime factors of 1398?
2, 3, 233
List the prime factors of 24745.
5, 7, 101
List the prime factors of 50096.
2, 31, 101
List the prime factors of 14524.
2, 3631
What are the prime factors of 487?
487
List the prime factors of 11568.
2, 3, 241
What are the prime factors of 10069?
10069
What are the prime factors of 8440?
2, 5, 211
List the prime factors of 23958.
2, 3, 11
List the prime factors of 6184.
2, 773
List the prime factors of 705.
3, 5, 47
List the prime factors of 11637.
3, 431
List the prime factors of 347.
347
List the prime factors of 2311.
2311
List the prime factors of 15167.
29, 523
What are the prime factors of 12112?
2, 757
List the prime factors of 386.
2, 193
List the prime factors of 13708.
2, 23, 149
List the prime factors of 13151.
13151
List the prime factors of 512.
2
List the prime factors of 41858.
2, 20929
What are the prime factors of 18253?
18253
List the prime factors of 6983.
6983
What are the prime factors of 114083?
114083
List the prime factors of 946.
2, 11, 43
What are the prime factors of 3457?
3457
List the prime factors of 4897.
59, 83
What are the prime factors of 2842?
2, 7, 29
What are the prime factors of 1811?
1811
List the prime factors of 1974.
2, 3, 7, 47
List the prime factors of 23325.
3, 5, 311
List the prime factors of 28535.
5, 13, 439
What are the prime factors of 3921?
3, 1307
What are the prime factors of 196?
2, 7
What are the prime factors of 60306?
2, 3, 19, 23
What are the prime factors of 526?
2, 263
List the prime factors of 7991.
61, 131
List the prime factors of 28580.
2, 5, 1429
List the prime factors of 6880.
2, 5, 43
What are the prime factors of 15694?
2, 7, 19, 59
What are the prime factors of 1113?
3, 7, 53
What are the prime factors of 15182?
2, 7591
List the prime factors of 364.
2, 7, 13
What are the prime factors of 12754?
2, 7, 911
List the prime factors of 7905.
3, 5, 17, 31
What are the prime factors of 22835?
5, 4567
List the prime factors of 537.
3, 179
What are the prime factors of 1091?
1091
What are the prime factors of 3773?
7, 11
What are the prime factors of 340?
2, 5, 17
List the prime factors of 3079.
3079
What are the prime factors of 824?
2, 103
List the prime factors of 1029.
3, 7
What are the prime factors of 1517?
37, 41
What are the prime factors of 3283?
7, 67
List the prime factors of 19366.
2, 23, 421
What are the prime factors of 1243?
11, 113
List the prime factors of 2018.
2, 1009
List the prime factors of 732.
2, 3, 61
List the prime factors of 4686.
2, 3, 11, 71
What are the prime factors of 20074?
2, 10037
What are the prime factors of 1225?
5, 7
List the prime factors of 47037.
3, 15679
What are the prime factors of 792?
2, 3, 11
List the prime factors of 67300.
2, 5, 673
What are the prime factors of 14990?
2, 5, 1499
List the prime factors of 35901.
3, 3989
List the prime factors of 45633.
3, 7, 41, 53
List the prime factors of 1793.
11, 163
What are the prime factors of 640?
2, 5
What are the prime factors of 1350?
2, 3, 5
What are the prime factors of 24066?
2, 3, 7, 191
List the prime factors of 1175.
5, 47
List the prime factors of 281.
281
List the prime factors of 153475.
5, 7, 877
List the prime factors of 6245.
5, 1249
What are the prime factors of 1670?
2, 5, 167
List the prime factors of 3633.
3, 7, 173
What are the prime factors of 36632?
2, 19, 241
List the prime factors of 11616.
2, 3, 11
What are the prime factors of 74177?
74177
What are the prime factors of 1905?
3, 5, 127
What are the prime factors of 32884?
2, 8221
What are the prime factors of 886?
2, 443
What are the prime factors of 1824?
2, 3, 19
What are the prime factors of 1232?
2, 7, 11
What are the prime factors of 26?
2, 13
What are the prime factors of 969?
3, 17, 19
What are the prime factors of 63?
3, 7
What are the prime factors of 983?
983
List the p